{"id":6,"date":"2019-10-22T17:16:49","date_gmt":"2019-10-22T17:16:49","guid":{"rendered":"http:\/\/densyngendefiolinen.com\/?page_id=6"},"modified":"2026-03-07T19:07:51","modified_gmt":"2026-03-07T19:07:51","slug":"velkommen","status":"publish","type":"page","link":"http:\/\/densyngendefiolinen.com\/","title":{"rendered":"Velkommen!"},"content":{"rendered":"\n<p><\/p>\n\n\n<div class=\"wp-block-image is-style-default\">\n<figure class=\"aligncenter size-large\"><img loading=\"lazy\" decoding=\"async\" width=\"1024\" height=\"390\" src=\"http:\/\/densyngendefiolinen.com\/wp-content\/uploads\/2023\/09\/Find-your-inner-voice-nettsideDSF-1024x390.jpg\" alt=\"\" class=\"wp-image-22\" srcset=\"http:\/\/densyngendefiolinen.com\/wp-content\/uploads\/2023\/09\/Find-your-inner-voice-nettsideDSF-1024x390.jpg 1024w, http:\/\/densyngendefiolinen.com\/wp-content\/uploads\/2023\/09\/Find-your-inner-voice-nettsideDSF-300x114.jpg 300w, http:\/\/densyngendefiolinen.com\/wp-content\/uploads\/2023\/09\/Find-your-inner-voice-nettsideDSF-768x292.jpg 768w, http:\/\/densyngendefiolinen.com\/wp-content\/uploads\/2023\/09\/Find-your-inner-voice-nettsideDSF-1536x584.jpg 1536w, http:\/\/densyngendefiolinen.com\/wp-content\/uploads\/2023\/09\/Find-your-inner-voice-nettsideDSF-1568x597.jpg 1568w, http:\/\/densyngendefiolinen.com\/wp-content\/uploads\/2023\/09\/Find-your-inner-voice-nettsideDSF.jpg 1656w\" sizes=\"auto, (max-width: 1024px) 100vw, 1024px\" \/><\/figure><\/div>\n\n\n<p><\/p>\n\n\n\n<p>Hei, velkommen til Den Syngende Fiolinen \ud83d\ude42 <\/p>\n\n\n\n<p><\/p>\n\n\n\n<p>Lu\u00edra Sara Aitta er en allsidig og erfaren musiker \u2013 profesjonell fiolinist, sanger, multiinstrumentalist, l\u00e5tskriver, musikkterapeut, komponist, musikkprodusent og musikkpedagog.<\/p>\n\n\n\n<p>Hun tilbyr undervisning i fiolin, fele, bratsj, sang (inkludert ulike sangteknikker som br\u00f8ling, joik og strupesang), piano, l\u00e5tskriving, musikkteori, notel\u00e6re, komposisjon, musikkproduksjon, mindfulness, musikkterapi og mestring av sceneskrekk. Lu\u00edra underviser b\u00e5de fysisk og digitalt \u2013 i Troms\u00f8 (hjemmefra), i Bergen n\u00e5r hun er p\u00e5 bes\u00f8k, og online for elever over hele landet. Hun har bred erfaring med digital undervisning.<\/p>\n\n\n\n<p>Hun har undervist ved blant annet Salt kulturskole i Fyllingsdalen i piano i 2023- 2024, \u00d8ygarden kulturskule i 2024 i musikkterapi og fiolin og Lu\u00edra startet sin egen private musikkpraksis under musikkonservatoriet studiene i 2007. Fra h\u00f8sten 2025 er hun ansatt ved Troms\u00f8 kulturskole, der hun underviser i fiolin, sang, folkemusikk \u2013 og flere andre spennende fag&#8230;:)<\/p>\n\n\n\n<p>I Troms\u00f8 har Lu\u00edra blant annet ledet Tensing-koret i Kroken kirke (2021\u20132022), og under koronapandemien bygget hun opp sin private praksis i byen og underviste b\u00e5de p\u00e5 Kroken kirke og Metodistkirke. Hun var ogs\u00e5 p\u00e5 Europaturn\u00e9 i august 2023 med Dancelab Dansens Hus, hvor hun joiket, improviserte p\u00e5 hardingfele og komponerte musikk til forestillingen Borderless State of Mind, som ble vist i b\u00e5de Polen og Norge \u2013 med avslutning p\u00e5 Kulturhuset i Troms\u00f8. Undervisning i Bergen foregikk p\u00e5 b\u00e5de Loddefjord Menighetshus og Metodistkirken i Fyllingsdalen.<\/p>\n\n\n\n<p>I september 2024 innledet hun et samarbeid med den anerkjente produsenten Bjarne Stensli (kjent fra sitt samarbeid med blant annet A-Ha, Sivert H\u00f8yem og Satyricon).<\/p>\n\n\n\n<p>En reise til r\u00f8ttene av strupesang \u2728<br>Fra 15. august til 3. september 2024 reiste Lu\u00edra til Ulaanbaatar og det nordvestlige Mongolia for \u00e5 fordype seg i khoomii (mongolsk strupesang). Hun mottok st\u00f8tte fra FFUK (Fond for ut\u00f8vende kunstnere) til dette unike fordypningsprosjektet, hvor hun utforsket den eldgamle tsataan-kulturen, mongolsk sjamanisme og nomadiske musikktradisjoner. En langsiktig dr\u00f8m som gikk i oppfyllelse!<\/p>\n\n\n\n<p>B\u00e5de strupesang og sjamanisme i Mongolia har r\u00f8tter som strekker seg tusenvis av \u00e5r tilbake, og regnes som noen av verdens eldste musikalske og spirituelle tradisjoner. Strupesang stammer fra de gamle nomadekulturene p\u00e5 det mongolske plat\u00e5et og antas \u00e5 v\u00e6re over 2000 \u00e5r gammel, mens sjamanismen i regionen, med sin animistiske og totemistiske natur, kan spores tilbake til 300\u2013400 f.Kr.<\/p>\n\n\n\n<p>Under oppholdet fikk Lu\u00edra personlig undervisning av khoomii-mesteren Lkhamragchaa Lkhagvasuren \ud83d\udcab<\/p>\n\n\n\n<p><\/p>\n\n\n\n<figure class=\"wp-block-embed is-type-video is-provider-youtube wp-block-embed-youtube wp-embed-aspect-16-9 wp-has-aspect-ratio\"><div class=\"wp-block-embed__wrapper\">\n<iframe loading=\"lazy\" title=\"Lu\u00edra: A unique blend of indigenous music, experimental alternative rock, classical- and folk music.\" width=\"640\" height=\"360\" src=\"https:\/\/www.youtube.com\/embed\/FZFkdffdvkc?feature=oembed\" frameborder=\"0\" allow=\"accelerometer; autoplay; clipboard-write; encrypted-media; gyroscope; picture-in-picture; web-share\" referrerpolicy=\"strict-origin-when-cross-origin\" allowfullscreen><\/iframe>\n<\/div><\/figure>\n\n\n\n<p><\/p>\n\n\n\n<p>Lu\u00edra Sara Aitta er utdannet i utlandet ved musikkonservatoriet Codarts University of the Arts i Rotterdam, hvor hun hadde to hovedfag: klassisk fiolin og vokal innen pop\/rock (samt flere andre sangstiler).<\/p>\n\n\n\n<p>I tillegg tok hun ekstra fag som piano, komposisjon, musikkpedagogikk og klassisk kammermusikk gjennom fem \u00e5r. Et av h\u00f8ydepunktene i studietiden var da hun utviklet sitt eget unike kurs: Rockkomposisjon for strykere \u2013 et emne som fortsatt inng\u00e5r i pensum ved Codarts den dag i dag.<\/p>\n\n\n\n<p>Lu\u00edra fullf\u00f8rte studiene med toppkarakterer og etterlot seg et sterkt inntrykk under avsluttende eksamen, som besto av b\u00e5de klassisk repertoar og egenkomponert heavy metal \u2013 fremf\u00f8rt sammen med hennes band Adeia.<\/p>\n\n\n\n<p>Ved siden av sitt virke som komponist, ut\u00f8vende musiker, musikkprodusent og privatl\u00e6rer, har hun ogs\u00e5 solid erfaring med sangverksteder og bandveiledning.<\/p>\n\n\n\n<p>P\u00e5 denne nettsiden finner du mer informasjon om Lu\u00edra, hennes undervisningstilbud og egen musikk.<\/p>\n\n\n\n<p>Har du sp\u00f8rsm\u00e5l eller \u00f8nsker \u00e5 komme i kontakt? Bes\u00f8k gjerne kontaktsiden \u2013 hun svarer med glede!<\/p>\n\n\n\n<p>God forn\u00f8yelse \u2013 og kanskje sees vi snart \ud83d\ude0a<\/p>\n\n\n\n<p><\/p>\n\n\n\n<p><\/p>\n\n\n<div class=\"wp-block-image is-style-rounded\">\n<figure class=\"aligncenter size-large\"><img loading=\"lazy\" decoding=\"async\" width=\"1024\" height=\"768\" src=\"http:\/\/densyngendefiolinen.com\/wp-content\/uploads\/2026\/03\/Luira_003_4x3-1024x768.jpg\" alt=\"\" class=\"wp-image-418\" srcset=\"http:\/\/densyngendefiolinen.com\/wp-content\/uploads\/2026\/03\/Luira_003_4x3-1024x768.jpg 1024w, http:\/\/densyngendefiolinen.com\/wp-content\/uploads\/2026\/03\/Luira_003_4x3-300x225.jpg 300w, http:\/\/densyngendefiolinen.com\/wp-content\/uploads\/2026\/03\/Luira_003_4x3-768x576.jpg 768w, http:\/\/densyngendefiolinen.com\/wp-content\/uploads\/2026\/03\/Luira_003_4x3-1536x1152.jpg 1536w, http:\/\/densyngendefiolinen.com\/wp-content\/uploads\/2026\/03\/Luira_003_4x3.jpg 1920w\" sizes=\"auto, (max-width: 1024px) 100vw, 1024px\" \/><\/figure><\/div>\n\n\n<p><\/p>\n\n\n\n<p><\/p>\n\n\n\n<p class=\"has-text-align-center has-text-color\" style=\"color:#55006d\"><mark style=\"background-color:rgba(0, 0, 0, 0)\" class=\"has-inline-color has-purple-color\">St\u00f8tt &amp; f\u00f8lg Lu\u00edra \/ Kj\u00f8p Musikken:<\/mark><\/p>\n\n\n\n<p class=\"has-text-align-center has-text-color\" style=\"color:#55006d\"><mark style=\"background-color:rgba(0, 0, 0, 0)\" class=\"has-inline-color has-purple-color\">Bandcamp:<br>https:\/\/luira.bandcamp.com<\/mark><\/p>\n\n\n\n<p class=\"has-text-align-center has-text-color\" style=\"color:#55006d\"><mark style=\"background-color:rgba(0, 0, 0, 0)\" class=\"has-inline-color has-purple-color\">NRK P3 Ur\u00f8rt:<br>https:\/\/urort.p3.no\/artist\/luira<\/mark><\/p>\n\n\n\n<p class=\"has-text-align-center has-text-color\" style=\"color:#55006d\"><mark style=\"background-color:rgba(0, 0, 0, 0)\" class=\"has-inline-color has-purple-color\">F\u00f8lg Lu\u00edra p\u00e5 Facebook og Instagram:<br>https:\/\/www.facebook.com\/luiraprismviolin\/<br>https:\/\/www.instagram.com\/luira_prismviolin\/<\/mark><\/p>\n\n\n\n<p class=\"has-text-align-center has-text-color\" style=\"color:#55006d\"><mark style=\"background-color:rgba(0, 0, 0, 0)\" class=\"has-inline-color has-purple-color\">F\u00f8lg privat praksis Den Syngende Fiolinen her:<br><\/mark><a href=\"https:\/\/www.facebook.com\/share\/17D65nizgL\/\"><mark style=\"background-color:rgba(0, 0, 0, 0)\" class=\"has-inline-color has-purple-color\">https:\/\/www.facebook.com\/share\/17D65nizgL\/<\/mark><\/a><\/p>\n\n\n\n<p><\/p>\n\n\n\n<p><\/p>\n\n\n\n<p class=\"has-text-align-center\"><\/p>\n\n\n\n<p class=\"has-text-align-center has-cool-to-warm-spectrum-gradient-background has-text-color has-background\" style=\"color:#510167\"><em><strong><mark style=\"background-color:rgba(0, 0, 0, 0);color:#49015c\" class=\"has-inline-color\"> &#8220;Those who don&#8217;t believe in magic will never find it&#8220;~ Roald Dahl<\/mark><\/strong><\/em><\/p>\n\n\n\n<p><\/p>\n\n\n\n<p class=\"has-text-align-center has-text-color has-small-font-size\" style=\"color:#500564\"><\/p>\n\n\n\n<p><\/p>\n\n\n<div class=\"wp-block-image\">\n<figure class=\"aligncenter size-large\"><img loading=\"lazy\" decoding=\"async\" width=\"1024\" height=\"485\" src=\"http:\/\/densyngendefiolinen.com\/wp-content\/uploads\/2023\/09\/Helene-kroken-1024x485.jpg\" alt=\"\" class=\"wp-image-188\" srcset=\"http:\/\/densyngendefiolinen.com\/wp-content\/uploads\/2023\/09\/Helene-kroken-1024x485.jpg 1024w, http:\/\/densyngendefiolinen.com\/wp-content\/uploads\/2023\/09\/Helene-kroken-300x142.jpg 300w, http:\/\/densyngendefiolinen.com\/wp-content\/uploads\/2023\/09\/Helene-kroken-768x363.jpg 768w, http:\/\/densyngendefiolinen.com\/wp-content\/uploads\/2023\/09\/Helene-kroken-1536x727.jpg 1536w, http:\/\/densyngendefiolinen.com\/wp-content\/uploads\/2023\/09\/Helene-kroken-2048x969.jpg 2048w\" sizes=\"auto, (max-width: 1024px) 100vw, 1024px\" \/><figcaption class=\"wp-element-caption\"><strong><em><mark style=\"background-color:rgba(0, 0, 0, 0)\" class=\"has-inline-color has-purple-color\">Helene in action!  ~ p\u00e5 Kroken Kirke i Troms\u00f8 <\/mark><\/em><\/strong><\/figcaption><\/figure><\/div>\n\n\n<p><\/p>\n\n\n\n<p class=\"has-text-align-center has-small-font-size\"><strong><em>All material on this website: \u00a9 Lu\u00edra. Webdesign by: Lu\u00edra (Unless stated otherwise 2026) <\/em><\/strong><\/p>\n\n\n\n<p><\/p>\n","protected":false},"excerpt":{"rendered":"<p>Hei, velkommen til Den Syngende Fiolinen \ud83d\ude42 Lu\u00edra Sara Aitta er en allsidig og erfaren musiker \u2013 profesjonell fiolinist, sanger, multiinstrumentalist, l\u00e5tskriver, musikkterapeut, komponist, musikkprodusent [&hellip;]<\/p>\n","protected":false},"author":1,"featured_media":0,"parent":0,"menu_order":1,"comment_status":"closed","ping_status":"closed","template":"","meta":{"footnotes":""},"class_list":["post-6","page","type-page","status-publish","hentry"],"_links":{"self":[{"href":"http:\/\/densyngendefiolinen.com\/index.php?rest_route=\/wp\/v2\/pages\/6","targetHints":{"allow":["GET"]}}],"collection":[{"href":"http:\/\/densyngendefiolinen.com\/index.php?rest_route=\/wp\/v2\/pages"}],"about":[{"href":"http:\/\/densyngendefiolinen.com\/index.php?rest_route=\/wp\/v2\/types\/page"}],"author":[{"embeddable":true,"href":"http:\/\/densyngendefiolinen.com\/index.php?rest_route=\/wp\/v2\/users\/1"}],"replies":[{"embeddable":true,"href":"http:\/\/densyngendefiolinen.com\/index.php?rest_route=%2Fwp%2Fv2%2Fcomments&post=6"}],"version-history":[{"count":79,"href":"http:\/\/densyngendefiolinen.com\/index.php?rest_route=\/wp\/v2\/pages\/6\/revisions"}],"predecessor-version":[{"id":425,"href":"http:\/\/densyngendefiolinen.com\/index.php?rest_route=\/wp\/v2\/pages\/6\/revisions\/425"}],"wp:attachment":[{"href":"http:\/\/densyngendefiolinen.com\/index.php?rest_route=%2Fwp%2Fv2%2Fmedia&parent=6"}],"curies":[{"name":"wp","href":"https:\/\/api.w.org\/{rel}","templated":true}]}}

<p></p>


<div class="wp-block-image is-style-default">
<figure class="aligncenter size-large"><img loading="lazy" decoding="async" width="1024" height="390" src="http://densyngendefiolinen.com/wp-content/uploads/2023/09/Find-your-inner-voice-nettsideDSF-1024x390.jpg" alt="" class="wp-image-22" srcset="http://densyngendefiolinen.com/wp-content/uploads/2023/09/Find-your-inner-voice-nettsideDSF-1024x390.jpg 1024w, http://densyngendefiolinen.com/wp-content/uploads/2023/09/Find-your-inner-voice-nettsideDSF-300x114.jpg 300w, http://densyngendefiolinen.com/wp-content/uploads/2023/09/Find-your-inner-voice-nettsideDSF-768x292.jpg 768w, http://densyngendefiolinen.com/wp-content/uploads/2023/09/Find-your-inner-voice-nettsideDSF-1536x584.jpg 1536w, http://densyngendefiolinen.com/wp-content/uploads/2023/09/Find-your-inner-voice-nettsideDSF-1568x597.jpg 1568w, http://densyngendefiolinen.com/wp-content/uploads/2023/09/Find-your-inner-voice-nettsideDSF.jpg 1656w" sizes="auto, (max-width: 1024px) 100vw, 1024px" /></figure></div>


<p></p>



<p>Hei, velkommen til Den Syngende Fiolinen 🙂 </p>



<p></p>



<p>Luíra Sara Aitta er en allsidig og erfaren musiker – profesjonell fiolinist, sanger, multiinstrumentalist, låtskriver, musikkterapeut, komponist, musikkprodusent og musikkpedagog.</p>



<p>Hun tilbyr undervisning i fiolin, fele, bratsj, sang (inkludert ulike sangteknikker som brøling, joik og strupesang), piano, låtskriving, musikkteori, notelære, komposisjon, musikkproduksjon, mindfulness, musikkterapi og mestring av sceneskrekk. Luíra underviser både fysisk og digitalt – i Tromsø (hjemmefra), i Bergen når hun er på besøk, og online for elever over hele landet. Hun har bred erfaring med digital undervisning.</p>



<p>Hun har undervist ved blant annet Salt kulturskole i Fyllingsdalen i piano i 2023- 2024, Øygarden kulturskule i 2024 i musikkterapi og fiolin og Luíra startet sin egen private musikkpraksis under musikkonservatoriet studiene i 2007. Fra høsten 2025 er hun ansatt ved Tromsø kulturskole, der hun underviser i fiolin, sang, folkemusikk – og flere andre spennende fag&#8230;:)</p>



<p>I Tromsø har Luíra blant annet ledet Tensing-koret i Kroken kirke (2021–2022), og under koronapandemien bygget hun opp sin private praksis i byen og underviste både på Kroken kirke og Metodistkirke. Hun var også på Europaturné i august 2023 med Dancelab Dansens Hus, hvor hun joiket, improviserte på hardingfele og komponerte musikk til forestillingen Borderless State of Mind, som ble vist i både Polen og Norge – med avslutning på Kulturhuset i Tromsø. Undervisning i Bergen foregikk på både Loddefjord Menighetshus og Metodistkirken i Fyllingsdalen.</p>



<p>I september 2024 innledet hun et samarbeid med den anerkjente produsenten Bjarne Stensli (kjent fra sitt samarbeid med blant annet A-Ha, Sivert Høyem og Satyricon).</p>



<p>En reise til røttene av strupesang ✨<br>Fra 15. august til 3. september 2024 reiste Luíra til Ulaanbaatar og det nordvestlige Mongolia for å fordype seg i khoomii (mongolsk strupesang). Hun mottok støtte fra FFUK (Fond for utøvende kunstnere) til dette unike fordypningsprosjektet, hvor hun utforsket den eldgamle tsataan-kulturen, mongolsk sjamanisme og nomadiske musikktradisjoner. En langsiktig drøm som gikk i oppfyllelse!</p>



<p>Både strupesang og sjamanisme i Mongolia har røtter som strekker seg tusenvis av år tilbake, og regnes som noen av verdens eldste musikalske og spirituelle tradisjoner. Strupesang stammer fra de gamle nomadekulturene på det mongolske platået og antas å være over 2000 år gammel, mens sjamanismen i regionen, med sin animistiske og totemistiske natur, kan spores tilbake til 300–400 f.Kr.</p>



<p>Under oppholdet fikk Luíra personlig undervisning av khoomii-mesteren Lkhamragchaa Lkhagvasuren 💫</p>



<p></p>



<figure class="wp-block-embed is-type-video is-provider-youtube wp-block-embed-youtube wp-embed-aspect-16-9 wp-has-aspect-ratio"><div class="wp-block-embed__wrapper">
<iframe loading="lazy" title="Luíra: A unique blend of indigenous music, experimental alternative rock, classical- and folk music." width="640" height="360" src="https://www.youtube.com/embed/FZFkdffdvkc?feature=oembed" frameborder="0" allow="accelerometer; autoplay; clipboard-write; encrypted-media; gyroscope; picture-in-picture; web-share" referrerpolicy="strict-origin-when-cross-origin" allowfullscreen></iframe>
</div></figure>



<p></p>



<p>Luíra Sara Aitta er utdannet i utlandet ved musikkonservatoriet Codarts University of the Arts i Rotterdam, hvor hun hadde to hovedfag: klassisk fiolin og vokal innen pop/rock (samt flere andre sangstiler).</p>



<p>I tillegg tok hun ekstra fag som piano, komposisjon, musikkpedagogikk og klassisk kammermusikk gjennom fem år. Et av høydepunktene i studietiden var da hun utviklet sitt eget unike kurs: Rockkomposisjon for strykere – et emne som fortsatt inngår i pensum ved Codarts den dag i dag.</p>



<p>Luíra fullførte studiene med toppkarakterer og etterlot seg et sterkt inntrykk under avsluttende eksamen, som besto av både klassisk repertoar og egenkomponert heavy metal – fremført sammen med hennes band Adeia.</p>



<p>Ved siden av sitt virke som komponist, utøvende musiker, musikkprodusent og privatlærer, har hun også solid erfaring med sangverksteder og bandveiledning.</p>



<p>På denne nettsiden finner du mer informasjon om Luíra, hennes undervisningstilbud og egen musikk.</p>



<p>Har du spørsmål eller ønsker å komme i kontakt? Besøk gjerne kontaktsiden – hun svarer med glede!</p>



<p>God fornøyelse – og kanskje sees vi snart 😊</p>



<p></p>



<p></p>


<div class="wp-block-image is-style-rounded">
<figure class="aligncenter size-large"><img loading="lazy" decoding="async" width="1024" height="768" src="http://densyngendefiolinen.com/wp-content/uploads/2026/03/Luira_003_4x3-1024x768.jpg" alt="" class="wp-image-418" srcset="http://densyngendefiolinen.com/wp-content/uploads/2026/03/Luira_003_4x3-1024x768.jpg 1024w, http://densyngendefiolinen.com/wp-content/uploads/2026/03/Luira_003_4x3-300x225.jpg 300w, http://densyngendefiolinen.com/wp-content/uploads/2026/03/Luira_003_4x3-768x576.jpg 768w, http://densyngendefiolinen.com/wp-content/uploads/2026/03/Luira_003_4x3-1536x1152.jpg 1536w, http://densyngendefiolinen.com/wp-content/uploads/2026/03/Luira_003_4x3.jpg 1920w" sizes="auto, (max-width: 1024px) 100vw, 1024px" /></figure></div>


<p></p>



<p></p>



<p class="has-text-align-center has-text-color" style="color:#55006d"><mark style="background-color:rgba(0, 0, 0, 0)" class="has-inline-color has-purple-color">Støtt &amp; følg Luíra / Kjøp Musikken:</mark></p>



<p class="has-text-align-center has-text-color" style="color:#55006d"><mark style="background-color:rgba(0, 0, 0, 0)" class="has-inline-color has-purple-color">Bandcamp:<br>https://luira.bandcamp.com</mark></p>



<p class="has-text-align-center has-text-color" style="color:#55006d"><mark style="background-color:rgba(0, 0, 0, 0)" class="has-inline-color has-purple-color">NRK P3 Urørt:<br>https://urort.p3.no/artist/luira</mark></p>



<p class="has-text-align-center has-text-color" style="color:#55006d"><mark style="background-color:rgba(0, 0, 0, 0)" class="has-inline-color has-purple-color">Følg Luíra på Facebook og Instagram:<br>https://www.facebook.com/luiraprismviolin/<br>https://www.instagram.com/luira_prismviolin/</mark></p>



<p class="has-text-align-center has-text-color" style="color:#55006d"><mark style="background-color:rgba(0, 0, 0, 0)" class="has-inline-color has-purple-color">Følg privat praksis Den Syngende Fiolinen her:<br></mark><a href="https://www.facebook.com/share/17D65nizgL/"><mark style="background-color:rgba(0, 0, 0, 0)" class="has-inline-color has-purple-color">https://www.facebook.com/share/17D65nizgL/</mark></a></p>



<p></p>



<p></p>



<p class="has-text-align-center"></p>



<p class="has-text-align-center has-cool-to-warm-spectrum-gradient-background has-text-color has-background" style="color:#510167"><em><strong><mark style="background-color:rgba(0, 0, 0, 0);color:#49015c" class="has-inline-color"> &#8220;Those who don&#8217;t believe in magic will never find it&#8220;~ Roald Dahl</mark></strong></em></p>



<p></p>



<p class="has-text-align-center has-text-color has-small-font-size" style="color:#500564"></p>



<p></p>


<div class="wp-block-image">
<figure class="aligncenter size-large"><img loading="lazy" decoding="async" width="1024" height="485" src="http://densyngendefiolinen.com/wp-content/uploads/2023/09/Helene-kroken-1024x485.jpg" alt="" class="wp-image-188" srcset="http://densyngendefiolinen.com/wp-content/uploads/2023/09/Helene-kroken-1024x485.jpg 1024w, http://densyngendefiolinen.com/wp-content/uploads/2023/09/Helene-kroken-300x142.jpg 300w, http://densyngendefiolinen.com/wp-content/uploads/2023/09/Helene-kroken-768x363.jpg 768w, http://densyngendefiolinen.com/wp-content/uploads/2023/09/Helene-kroken-1536x727.jpg 1536w, http://densyngendefiolinen.com/wp-content/uploads/2023/09/Helene-kroken-2048x969.jpg 2048w" sizes="auto, (max-width: 1024px) 100vw, 1024px" /><figcaption class="wp-element-caption"><strong><em><mark style="background-color:rgba(0, 0, 0, 0)" class="has-inline-color has-purple-color">Helene in action!  ~ på Kroken Kirke i Tromsø </mark></em></strong></figcaption></figure></div>


<p></p>



<p class="has-text-align-center has-small-font-size"><strong><em>All material on this website: © Luíra. Webdesign by: Luíra (Unless stated otherwise 2026) </em></strong></p>



<p></p>

<p>Hei, velkommen til Den Syngende Fiolinen 🙂 Luíra Sara Aitta er en allsidig og erfaren musiker – profesjonell fiolinist, sanger, multiinstrumentalist, låtskriver, musikkterapeut, komponist, musikkprodusent [&hellip;]</p>
